{"id":1385,"date":"2022-09-22T10:12:08","date_gmt":"2022-09-22T08:12:08","guid":{"rendered":"https:\/\/wiwi-foerderverein.aau.at\/?page_id=1385"},"modified":"2022-09-22T10:50:21","modified_gmt":"2022-09-22T08:50:21","slug":"oeffentlichkeitsarbeit-und-studierendenakquise","status":"publish","type":"page","link":"https:\/\/wiwi-foerderverein.aau.at\/index.php\/oeffentlichkeitsarbeit-und-studierendenakquise\/","title":{"rendered":"\u00d6ffentlichkeitsarbeit und Studierendenakquise"},"content":{"rendered":"<p>Seit dem Sommersemester 2021 erscheinen regelm\u00e4\u00dfig Beitr\u00e4ge in der WiWi-Podcastreihe &#8222;Wir wollen&#8217;s wissen&#8220;, einer Initiative der Fakult\u00e4t f\u00fcr Wirtschaftswissenschaften gemeinsam mit der Antenne K\u00e4rnten. Hier geht es zum <a href=\"https:\/\/wiwi-foerderverein.aau.at\/index.php\/2022\/08\/03\/podcast-wir-wollens-wissen-wie-werden-wir-in-zukunft-arbeiten\/\" target=\"_blank\" rel=\"noopener\">Bericht<\/a>.<\/p>\n","protected":false},"excerpt":{"rendered":"<p>Seit dem Sommersemester 2021 erscheinen regelm\u00e4\u00dfig Beitr\u00e4ge in der WiWi-Podcastreihe &#8222;Wir wollen&#8217;s wissen&#8220;, einer Initiative der Fakult\u00e4t f\u00fcr Wirtschaftswissenschaften gemeinsam mit der [&hellip;]<\/p>\n","protected":false},"author":2,"featured_media":0,"parent":0,"menu_order":0,"comment_status":"closed","ping_status":"closed","template":"","meta":{"footnotes":""},"class_list":["post-1385","page","type-page","status-publish","hentry"],"_links":{"self":[{"href":"https:\/\/wiwi-foerderverein.aau.at\/index.php\/wp-json\/wp\/v2\/pages\/1385","targetHints":{"allow":["GET"]}}],"collection":[{"href":"https:\/\/wiwi-foerderverein.aau.at\/index.php\/wp-json\/wp\/v2\/pages"}],"about":[{"href":"https:\/\/wiwi-foerderverein.aau.at\/index.php\/wp-json\/wp\/v2\/types\/page"}],"author":[{"embeddable":true,"href":"https:\/\/wiwi-foerderverein.aau.at\/index.php\/wp-json\/wp\/v2\/users\/2"}],"replies":[{"embeddable":true,"href":"https:\/\/wiwi-foerderverein.aau.at\/index.php\/wp-json\/wp\/v2\/comments?post=1385"}],"version-history":[{"count":5,"href":"https:\/\/wiwi-foerderverein.aau.at\/index.php\/wp-json\/wp\/v2\/pages\/1385\/revisions"}],"predecessor-version":[{"id":1416,"href":"https:\/\/wiwi-foerderverein.aau.at\/index.php\/wp-json\/wp\/v2\/pages\/1385\/revisions\/1416"}],"wp:attachment":[{"href":"https:\/\/wiwi-foerderverein.aau.at\/index.php\/wp-json\/wp\/v2\/media?parent=1385"}],"curies":[{"name":"wp","href":"https:\/\/api.w.org\/{rel}","templated":true}]}}