{"id":2124,"date":"2025-05-14T12:56:08","date_gmt":"2025-05-14T10:56:08","guid":{"rendered":"https:\/\/wiwi-foerderverein.aau.at\/?page_id=2124"},"modified":"2025-05-14T13:14:13","modified_gmt":"2025-05-14T11:14:13","slug":"willkommen","status":"publish","type":"page","link":"https:\/\/wiwi-foerderverein.aau.at\/","title":{"rendered":"Herzlich Willkommen auf der Homepage des W&amp;R-F\u00f6rdervereins!"},"content":{"rendered":"\n<p><\/p>\n\n\n\n<p>Der Verein versteht sich als aktives Bindeglied zwischen der Fakult\u00e4t f\u00fcr Wirtschafts- und Rechtswissenschaften der Universit\u00e4t Klagenfurt und ihren Mitgliedern aus Wissenschaft, Wirtschaft und Gesellschaft. Das gemeinsame Ziel ist, exzellente Forschung und Lehre nachhaltig zu f\u00f6rdern und weiterzuentwickeln \u2013 sowohl in ihrer anwendungsorientierten als auch in ihrer grundlagenbezogenen Ausrichtung.<\/p>\n\n\n\n<p>Im Mittelpunkt der Vereinst\u00e4tigkeit steht die Unterst\u00fctzung innovativer Projekte, die den interdisziplin\u00e4ren und internationalen Austausch st\u00e4rken, den wissenschaftlichen Nachwuchs f\u00f6rdern und praxisrelevante Erkenntnisse aus der Forschung zug\u00e4nglich machen. Auf diese Weise soll eine Br\u00fccke von der Wissenschaft zur Wertsch\u00f6pfung geschlagen werden.<\/p>\n\n\n\n<p>Auch in der Lehre setzt der Verein gezielte Impulse, n\u00e4mlich durch die F\u00f6rderung von Ma\u00dfnahmen zur Gewinnung und Qualifizierung von Studierenden sowie durch die Unterst\u00fctzung moderner, praxisnaher und interdisziplin\u00e4r ausgerichteter Lehrangebote. Das Vereinsinteresse gilt dar\u00fcber hinaus der intensiven Zusammenarbeit mit den Mitgliedern und weiteren Stakeholdern sowie der St\u00e4rkung der internationalen Sichtbarkeit und Wettbewerbsf\u00e4higkeit der Fakult\u00e4t.<\/p>\n\n\n\n<p>Sie sind herzlich eingeladen, Teil dieses Netzwerks zu werden und durch Ihre Mitgliedschaft, Ihre Ideen und Ihr Engagement an der Gestaltung einer zukunftsorientierten Fakult\u00e4t mit starker regionaler Verankerung und internationaler Ausstrahlung mitzuwirken.<\/p>\n","protected":false},"excerpt":{"rendered":"<p>Der Verein versteht sich als aktives Bindeglied zwischen der Fakult\u00e4t f\u00fcr Wirtschafts- und Rechtswissenschaften der Universit\u00e4t Klagenfurt und ihren Mitgliedern aus Wissenschaft, [&hellip;]<\/p>\n","protected":false},"author":2,"featured_media":0,"parent":0,"menu_order":0,"comment_status":"closed","ping_status":"closed","template":"","meta":{"footnotes":""},"class_list":["post-2124","page","type-page","status-publish","hentry"],"_links":{"self":[{"href":"https:\/\/wiwi-foerderverein.aau.at\/index.php\/wp-json\/wp\/v2\/pages\/2124","targetHints":{"allow":["GET"]}}],"collection":[{"href":"https:\/\/wiwi-foerderverein.aau.at\/index.php\/wp-json\/wp\/v2\/pages"}],"about":[{"href":"https:\/\/wiwi-foerderverein.aau.at\/index.php\/wp-json\/wp\/v2\/types\/page"}],"author":[{"embeddable":true,"href":"https:\/\/wiwi-foerderverein.aau.at\/index.php\/wp-json\/wp\/v2\/users\/2"}],"replies":[{"embeddable":true,"href":"https:\/\/wiwi-foerderverein.aau.at\/index.php\/wp-json\/wp\/v2\/comments?post=2124"}],"version-history":[{"count":6,"href":"https:\/\/wiwi-foerderverein.aau.at\/index.php\/wp-json\/wp\/v2\/pages\/2124\/revisions"}],"predecessor-version":[{"id":2133,"href":"https:\/\/wiwi-foerderverein.aau.at\/index.php\/wp-json\/wp\/v2\/pages\/2124\/revisions\/2133"}],"wp:attachment":[{"href":"https:\/\/wiwi-foerderverein.aau.at\/index.php\/wp-json\/wp\/v2\/media?parent=2124"}],"curies":[{"name":"wp","href":"https:\/\/api.w.org\/{rel}","templated":true}]}}