{"id":2238,"date":"2025-10-14T14:21:01","date_gmt":"2025-10-14T12:21:01","guid":{"rendered":"https:\/\/wiwi-foerderverein.aau.at\/?page_id=2238"},"modified":"2025-10-14T14:23:08","modified_gmt":"2025-10-14T12:23:08","slug":"mitgliedschaft-beim-verein","status":"publish","type":"page","link":"https:\/\/wiwi-foerderverein.aau.at\/index.php\/mitgliedschaft-beim-verein\/","title":{"rendered":"Mitgliedschaft beim Verein"},"content":{"rendered":"\n<p>Die Aufbringung der finanziellen Mittel zur Erreichung des Vereinszweckes erfolgt durch Beitr\u00e4ge der Mitglieder, die von der Generalversammlung festgesetzt werden.<\/p>\n\n\n\n<p>Die Mitglieder des Vereines sind <\/p>\n\n\n\n<p>(a) ordentliche Mitglieder, <\/p>\n\n\n\n<p>(b) unterst\u00fctzende Mitglieder, <\/p>\n\n\n\n<p>(c) f\u00f6rdernde Mitglieder. <\/p>\n\n\n\n<p>Ordentliche Mitglieder sind physische Personen. Unterst\u00fctzende und f\u00f6rdernde Mitglieder sind juristische Personen mit gestaffelten Mitgliedsbeitr\u00e4gen. <\/p>\n\n\n\n<p>Informationen zu den aktuellen Mitgliedsbeitr\u00e4gen sowie die Formulare f\u00fcr die Beitrittserkl\u00e4rung finden Sie <a href=\"https:\/\/wiwi-foerderverein.aau.at\/index.php\/beitrittserklaerung\/\" data-type=\"page\" data-id=\"66\">hier<\/a>.<\/p>\n\n\n\n<p>Personen, die sich um den Verein besondere Verdienste erworben haben, kann auf Antrag des Vorstandes von der Generalversammlung die Ehrenmitgliedschaft verliehen werden.<\/p>\n","protected":false},"excerpt":{"rendered":"<p>Die Aufbringung der finanziellen Mittel zur Erreichung des Vereinszweckes erfolgt durch Beitr\u00e4ge der Mitglieder, die von der Generalversammlung festgesetzt werden. Die Mitglieder [&hellip;]<\/p>\n","protected":false},"author":2,"featured_media":0,"parent":0,"menu_order":0,"comment_status":"closed","ping_status":"closed","template":"","meta":{"footnotes":""},"class_list":["post-2238","page","type-page","status-publish","hentry"],"_links":{"self":[{"href":"https:\/\/wiwi-foerderverein.aau.at\/index.php\/wp-json\/wp\/v2\/pages\/2238","targetHints":{"allow":["GET"]}}],"collection":[{"href":"https:\/\/wiwi-foerderverein.aau.at\/index.php\/wp-json\/wp\/v2\/pages"}],"about":[{"href":"https:\/\/wiwi-foerderverein.aau.at\/index.php\/wp-json\/wp\/v2\/types\/page"}],"author":[{"embeddable":true,"href":"https:\/\/wiwi-foerderverein.aau.at\/index.php\/wp-json\/wp\/v2\/users\/2"}],"replies":[{"embeddable":true,"href":"https:\/\/wiwi-foerderverein.aau.at\/index.php\/wp-json\/wp\/v2\/comments?post=2238"}],"version-history":[{"count":2,"href":"https:\/\/wiwi-foerderverein.aau.at\/index.php\/wp-json\/wp\/v2\/pages\/2238\/revisions"}],"predecessor-version":[{"id":2241,"href":"https:\/\/wiwi-foerderverein.aau.at\/index.php\/wp-json\/wp\/v2\/pages\/2238\/revisions\/2241"}],"wp:attachment":[{"href":"https:\/\/wiwi-foerderverein.aau.at\/index.php\/wp-json\/wp\/v2\/media?parent=2238"}],"curies":[{"name":"wp","href":"https:\/\/api.w.org\/{rel}","templated":true}]}}