{"id":226,"date":"2015-11-08T19:37:42","date_gmt":"2015-11-08T18:37:42","guid":{"rendered":"http:\/\/wiwi-foerderverein.aau.at\/?page_id=226"},"modified":"2026-03-31T10:06:48","modified_gmt":"2026-03-31T08:06:48","slug":"wissenschaftliche-publikationen","status":"publish","type":"page","link":"https:\/\/wiwi-foerderverein.aau.at\/index.php\/wissenschaftliche-publikationen\/","title":{"rendered":"Wissenschaftliche Publikationen"},"content":{"rendered":"<p><strong>Aufgrund von Copyright-Vereinbarungen k\u00f6nnen hier von gef\u00f6rderten wissenschaftlichen Publikationen lediglich inhaltliche Zusammenfassungen ver\u00f6ffentlicht werden.<\/strong><\/p>\n<p>Wall, Friederike \/ Chen, Shu-Heng \/ Leitner, Stephan: The Oxford Handbook of Agent-based Computational Management Science, Oxford University Press, 2026 (<a href=\"https:\/\/www.aau.at\/blog\/wir-wollen-das-verhalten-einzelner-aggregieren-um-dann-das-verhalten-von-organisationen-oder-netzwerken-vorherzusagen\/\">Bericht<\/a>, <a href=\"https:\/\/www.amazon.de\/Handbook-Agent-based-Computational-Management-Handbooks-ebook\/dp\/B0GD817J1Z\">Link zum Titel<\/a>)<\/p>\n<p>Fidler, Philipp \/ Riss, Olaf: Negativzinsen und Unternehmerkreditvertr\u00e4ge. Zu den Auswirkungen negativer EURIBOR-Werte auf variabel verzinste Unternehmerkreditvertr\u00e4ge,\u00a0 Verlag \u00d6sterreich, 2021 <a href=\"https:\/\/www.verlagoesterreich.at\/unternehmerkreditvertraege-und-negative-indikatorwerte\/99.105005-9783704686374\" target=\"_blank\" rel=\"noopener\">(Link)<\/a><\/p>\n<p>Wohlgemuth, Norbert \/ Aigner-Walder, Birgit \/ Ebner, Tina \/ Friedl, Beate \/ Klinglmair, Robert \/ Weyerstra\u00df, Klaus: Bericht zur Wirtschaftslage des Landes K\u00e4rnten 2016\/2017 &#8211; Verbesserte Wirtschaftslage bietet Spielraum\u00a0f\u00fcr wachstumsst\u00e4rkende Reformen\u00a0<a href=\"https:\/\/www.netzwerkzumerfolg.at\/fileadmin\/dokumente\/PDFs\/Wirtschaftsbericht_2016_17endversion.pdf\" target=\"_blank\" rel=\"noopener\">(Link)<\/a><\/p>\n<p>Wohlgemuth, Norbert \/ Aigner-Walder, Birgit \/ Friedl, Beate \/ Klinglmair, Andrea \/ Klinglmair, Robert \/ Weyerstra\u00df, Klaus: Bericht zur Wirtschaftslage des Landes K\u00e4rnten 2015\/2016 &#8211; Eingeschr\u00e4nkter Handlungsspielraum als Chance f\u00fcr Strukturreformen <a href=\"http:\/\/www.ktn.gv.at\/329423_DE-Strategische_Wirtschaftsentwicklung_und_Tourismus-Wirtschaftsbericht_2015_2016_Endbericht\" target=\"_blank\" rel=\"noopener\">(Link)<\/a><\/p>\n<p>Zirngast, Sabine \/ Weinzierl, Christine \/ Leistentritt, Mario: Steuerhandbuch f\u00fcr Freiberufler, Linde Verlag, 2016 <a href=\"https:\/\/wiwi-foerderverein.aau.at\/wp-content\/uploads\/2015\/11\/Kurzfassung-F\u00f6rderverein.pdf\" target=\"_blank\" rel=\"noopener\">(Zusammenfassung)<\/a><\/p>\n<p><script>\/\/ <![CDATA[ \/\/ ]]><\/script><script>\/\/ <![CDATA[ \/\/ ]]><\/script><script>\/\/ <![CDATA[ \/\/ ]]><\/script><br \/>\n<script type=\"text\/javascript\">\/\/ <![CDATA[ \/\/ ]]><\/script><\/p>\n<p><script>\/\/ <![CDATA[ \/\/ ]]><\/script><script>\/\/ <![CDATA[ \/\/ ]]><\/script><script>\/\/ <![CDATA[ \/\/ ]]><\/script><\/p>\n","protected":false},"excerpt":{"rendered":"<p>Aufgrund von Copyright-Vereinbarungen k\u00f6nnen hier von gef\u00f6rderten wissenschaftlichen Publikationen lediglich inhaltliche Zusammenfassungen ver\u00f6ffentlicht werden. Wall, Friederike \/ Chen, Shu-Heng \/ Leitner, Stephan: [&hellip;]<\/p>\n","protected":false},"author":2,"featured_media":0,"parent":0,"menu_order":0,"comment_status":"closed","ping_status":"closed","template":"","meta":{"footnotes":""},"class_list":["post-226","page","type-page","status-publish","hentry"],"_links":{"self":[{"href":"https:\/\/wiwi-foerderverein.aau.at\/index.php\/wp-json\/wp\/v2\/pages\/226","targetHints":{"allow":["GET"]}}],"collection":[{"href":"https:\/\/wiwi-foerderverein.aau.at\/index.php\/wp-json\/wp\/v2\/pages"}],"about":[{"href":"https:\/\/wiwi-foerderverein.aau.at\/index.php\/wp-json\/wp\/v2\/types\/page"}],"author":[{"embeddable":true,"href":"https:\/\/wiwi-foerderverein.aau.at\/index.php\/wp-json\/wp\/v2\/users\/2"}],"replies":[{"embeddable":true,"href":"https:\/\/wiwi-foerderverein.aau.at\/index.php\/wp-json\/wp\/v2\/comments?post=226"}],"version-history":[{"count":16,"href":"https:\/\/wiwi-foerderverein.aau.at\/index.php\/wp-json\/wp\/v2\/pages\/226\/revisions"}],"predecessor-version":[{"id":2352,"href":"https:\/\/wiwi-foerderverein.aau.at\/index.php\/wp-json\/wp\/v2\/pages\/226\/revisions\/2352"}],"wp:attachment":[{"href":"https:\/\/wiwi-foerderverein.aau.at\/index.php\/wp-json\/wp\/v2\/media?parent=226"}],"curies":[{"name":"wp","href":"https:\/\/api.w.org\/{rel}","templated":true}]}}