{"id":80,"date":"2015-07-08T12:44:50","date_gmt":"2015-07-08T10:44:50","guid":{"rendered":"http:\/\/wiwi-foerderverein.aau.at\/?page_id=80"},"modified":"2019-11-13T12:22:54","modified_gmt":"2019-11-13T11:22:54","slug":"impressum","status":"publish","type":"page","link":"https:\/\/wiwi-foerderverein.aau.at\/index.php\/kontakt\/impressum\/","title":{"rendered":"Impressum"},"content":{"rendered":"<p><strong>Inhaltliche und redaktionelle Verantwortung:<\/strong><\/p>\n<p>Verein zur F\u00f6rderung der Wirtschaftswissenschaften<br \/>\nan der Alpen-Adria Universit\u00e4t Klagenfurt<br \/>\nUniversit\u00e4tsstra\u00dfe 65-67<br \/>\n9020 Klagenfurt am W\u00f6rthersee<br \/>\nAustria<\/p>\n<p><strong>Haftung:<\/strong><\/p>\n<p>S\u00e4mtliche Texte auf der Homepage wurden sorgf\u00e4ltig gepr\u00fcft. Dessen ungeachtet kann keine Garantie f\u00fcr die Richtigkeit, Vollst\u00e4ndigkeit und Aktualit\u00e4t der Angaben \u00fcbernommen werden. Eine Haftung des Vereins zur F\u00f6rderung der Wirtschaftswissenschaften wird daher ausgeschlossen. Die Links zu anderen Webseiten wurden sorgf\u00e4ltig ausgew\u00e4hlt. Da der Verein zur F\u00f6rderung der Wirtschaftswissenschaften an der Alpen-Adria-Universit\u00e4t Klagenfurt auf deren Inhalt keinen Einfluss hat, \u00fcbernimmt der F\u00f6rderverein daf\u00fcr keine Verantwortung.<\/p>\n<p>\u00a9 Das Copyright liegt beim Verein zur F\u00f6rderung der Wirtschaftswissenschaften an der Alpen-Adria-Universit\u00e4t Klagenfurt<\/p>\n<p><script> <\/script> <script> <\/script> <script> <\/script><br \/>\n<script type=\"text\/javascript\"><\/p>\n<p><\/script><\/p>\n<p><script> <\/script> <script> <\/script> <script> <\/script><\/p>\n","protected":false},"excerpt":{"rendered":"<p>Inhaltliche und redaktionelle Verantwortung: Verein zur F\u00f6rderung der Wirtschaftswissenschaften an der Alpen-Adria Universit\u00e4t Klagenfurt Universit\u00e4tsstra\u00dfe 65-67 9020 Klagenfurt am W\u00f6rthersee Austria Haftung: [&hellip;]<\/p>\n","protected":false},"author":1,"featured_media":0,"parent":70,"menu_order":0,"comment_status":"closed","ping_status":"closed","template":"","meta":{"footnotes":""},"class_list":["post-80","page","type-page","status-publish","hentry"],"_links":{"self":[{"href":"https:\/\/wiwi-foerderverein.aau.at\/index.php\/wp-json\/wp\/v2\/pages\/80","targetHints":{"allow":["GET"]}}],"collection":[{"href":"https:\/\/wiwi-foerderverein.aau.at\/index.php\/wp-json\/wp\/v2\/pages"}],"about":[{"href":"https:\/\/wiwi-foerderverein.aau.at\/index.php\/wp-json\/wp\/v2\/types\/page"}],"author":[{"embeddable":true,"href":"https:\/\/wiwi-foerderverein.aau.at\/index.php\/wp-json\/wp\/v2\/users\/1"}],"replies":[{"embeddable":true,"href":"https:\/\/wiwi-foerderverein.aau.at\/index.php\/wp-json\/wp\/v2\/comments?post=80"}],"version-history":[{"count":7,"href":"https:\/\/wiwi-foerderverein.aau.at\/index.php\/wp-json\/wp\/v2\/pages\/80\/revisions"}],"predecessor-version":[{"id":963,"href":"https:\/\/wiwi-foerderverein.aau.at\/index.php\/wp-json\/wp\/v2\/pages\/80\/revisions\/963"}],"up":[{"embeddable":true,"href":"https:\/\/wiwi-foerderverein.aau.at\/index.php\/wp-json\/wp\/v2\/pages\/70"}],"wp:attachment":[{"href":"https:\/\/wiwi-foerderverein.aau.at\/index.php\/wp-json\/wp\/v2\/media?parent=80"}],"curies":[{"name":"wp","href":"https:\/\/api.w.org\/{rel}","templated":true}]}}